at is the greatest common divisor of 52341 and 3936963?
219
What is the highest common factor of 356190 and 1491875?
155
What is the greatest common factor of 1354 and 62866897?
677
Calculate the highest common factor of 17 and 865761023.
17
What is the greatest common divisor of 25925 and 4325?
25
Calculate the highest common divisor of 27714522 and 39270.
1122
Calculate the highest common factor of 46961 and 3832682.
151
What is the highest common divisor of 3004720 and 16560?
1840
Calculate the highest common divisor of 68908 and 38228.
4
What is the highest common factor of 2926 and 18624199?
209
Calculate the greatest common divisor of 44 and 125185401.
11
Calculate the highest common divisor of 23644 and 97336.
92
Calculate the highest common divisor of 26441038 and 22776.
1898
What is the highest common divisor of 1196892 and 288?
36
Calculate the greatest common divisor of 276 and 75307290.
138
What is the highest common factor of 932618 and 529409?
631
Calculate the highest common factor of 3255 and 172683.
21
Calculate the highest common factor of 14 and 335833694.
14
Calculate the highest common divisor of 3468 and 71961.
867
What is the highest common factor of 77028 and 47628?
588
What is the highest common factor of 4624884 and 2?
2
Calculate the highest common factor of 22480 and 3131440.
80
What is the highest common factor of 3159174 and 1448?
362
Calculate the greatest common factor of 6144021 and 936.
117
Calculate the greatest common divisor of 143 and 10570573.
13
Calculate the highest common divisor of 2486 and 2794802219.
1243
What is the highest common divisor of 16600 and 11250152?
664
What is the greatest common divisor of 1806926 and 89275?
3571
Calculate the highest common divisor of 4442492 and 581.
83
Calculate the greatest common factor of 522 and 20293330.
58
What is the greatest common divisor of 8145 and 1124595?
45
What is the greatest common factor of 435771 and 36985199?
6917
What is the greatest common factor of 50784244 and 4523?
4523
What is the highest common factor of 3525 and 5707539?
141
Calculate the highest common factor of 426773565 and 45.
45
Calculate the greatest common divisor of 648 and 80216.
8
Calculate the greatest common factor of 292877574 and 44.
22
What is the highest common factor of 58 and 46537199?
29
Calculate the highest common divisor of 10495708 and 2114.
302
Calculate the highest common divisor of 28575934 and 1312.
82
What is the highest common divisor of 218174 and 1422784?
1034
Calculate the highest common factor of 16272 and 1329210.
18
What is the highest common factor of 2761 and 1856437?
11
What is the highest common divisor of 3936 and 10312689?
123
What is the greatest common factor of 1354532 and 1392?
116
What is the highest common factor of 6492343 and 9711?
1079
Calculate the greatest common divisor of 27010 and 14993695.
185
Calculate the greatest common factor of 38807 and 22102.
257
What is the highest common factor of 98 and 29121239?
49
Calculate the greatest common factor of 1438327 and 8954.
121
What is the greatest common factor of 51997 and 7459206?
4727
What is the greatest common factor of 1149152 and 256?
32
What is the highest common factor of 455255 and 2009704?
1097
What is the greatest common divisor of 5124 and 418908?
84
What is the highest common factor of 70 and 804640?
10
What is the highest common factor of 169567537 and 272?
17
What is the highest common factor of 91168 and 257824?
224
What is the greatest common divisor of 4396293 and 72567?
99
What is the highest common factor of 263154 and 37794954?
4314
Calculate the greatest common factor of 34314 and 1754142.
258
Calculate the greatest common factor of 9272 and 138220022.
2318
What is the greatest common divisor of 29124382 and 84?
14
Calculate the highest common divisor of 28815 and 1711050.
255
What is the greatest common divisor of 85402415 and 63?
7
What is the greatest common divisor of 6671274 and 2820?
282
Calculate the greatest common divisor of 270334617 and 49.
49
Calculate the highest common divisor of 229322656 and 476.
68
What is the highest common factor of 13527 and 50309919?
1503
What is the greatest common divisor of 1372691814 and 3783?
3783
What is the highest common factor of 31 and 124853399?
31
Calculate the highest common factor of 142 and 16754438.
142
Calculate the highest common divisor of 259236895 and 645.
215
Calculate the highest common factor of 16511 and 8044333.
869
What is the highest common divisor of 135 and 88282845?
135
Calculate the greatest common divisor of 15088 and 356.
4
Calculate the greatest common divisor of 76271 and 5045620.
5867
What is the highest common factor of 699869 and 1468?
367
What is the greatest common divisor of 5606307 and 53109?
189
Calculate the greatest common divisor of 29792503 and 519.
173
Calculate the greatest common factor of 54848 and 31019972.
3428
What is the greatest common divisor of 1633091 and 8257?
359
Calculate the greatest common divisor of 6968 and 9460984.
104
Calculate the highest common divisor of 5030 and 11590126.
1006
Calculate the greatest common divisor of 108990 and 66432.
1038
Calculate the greatest common divisor of 80833352 and 15894.
1766
Calculate the highest common factor of 13305 and 52500.
15
What is the highest common factor of 100 and 9855820?
20
Calculate the greatest common divisor of 7617087 and 99.
9
Calculate the greatest common divisor of 3980206 and 138.
2
Calculate the greatest common factor of 6132 and 279636.
84
Calculate the greatest common divisor of 79440 and 2480.
80
What is the greatest common factor of 4382396 and 669892?
892
Calculate the highest common factor of 94 and 521305952.
94
Calculate the highest common factor of 140437 and 1853.
17
What is the greatest common divisor of 475260 and 1032756?
1068
What is the greatest common divisor of 2503187 and 67?
67
Calculate the greatest common divisor of 15472698 and 2484.
138
Calculate the greatest common factor of 6705 and 2729680.
745
Calculate the highest common factor of 2303 and 141233449.
329
What is the highest common divisor of 33180 and 59465?
35
Calculate the highest common divisor of 35955018 and 1243.
1243
Calculate the greatest common divisor of 274536 and 1424574.
1674
What is the greatest common factor of 6322976 and 1104?
368
What is the highest common divisor of 140 and 2876188?
28
Calculate the greatest common divisor of 3999 and 4859.
43
Calculate the greatest common factor of 102214 and 375242.
686
What is the greatest common factor of 113609 and 34299?
103
Calculate the greatest common divisor of 1061036 and 70412.
2428
What is the greatest common factor of 5701369 and 265?
53
What is the greatest common divisor of 446745 and 3738912?
6873
Calculate the greatest common factor of 36989253 and 252.
63
Calculate the greatest common factor of 1292 and 259561508.
1292
What is the highest common factor of 847865 and 20?
5
What is the greatest common divisor of 48389 and 1311068?
913
Calculate the highest common factor of 68 and 194905000.
68
What is the highest common divisor of 369763 and 909563?
2699
What is the highest common factor of 148904943 and 31592?
3949
What is the highest common factor of 14400 and 4344480?
1440
Calculate the highest common divisor of 1320 and 65248.
8
Calculate the greatest common factor of 1338 and 40698838.
446
What is the greatest common factor of 304 and 205282232?
152
Calculate the greatest common factor of 22 and 881623523.
11
Calculate the highest common factor of 576 and 5608926.
18
Calculate the greatest common divisor of 24344195 and 232.
29
What is the greatest common factor of 2 and 2800159?
1
Calculate the highest common divisor of 9 and 16913187.
9
What is the highest common factor of 4710 and 2706052?
314
Calculate the greatest common factor of 713 and 51589.
23
Calculate the highest common factor of 20156535 and 24339.
1281
Calculate the highest common factor of 1082636728 and 1992.
664
Calculate the highest common divisor of 18976 and 7336.
8
What is the greatest common divisor of 13732 and 588?
4
Calculate the highest common divisor of 2418197910 and 4890.
4890
Calculate the highest common divisor of 116744255 and 565.
565
What is the greatest common fact